{"id":4644,"date":"2017-05-10T11:34:19","date_gmt":"2017-05-10T11:34:19","guid":{"rendered":"https:\/\/barbershop-pro.foxthemes.me\/?page_id=4644"},"modified":"2023-11-10T00:32:01","modified_gmt":"2023-11-09T23:32:01","slug":"about","status":"publish","type":"page","link":"https:\/\/chillbarber.at\/index.php\/about\/","title":{"rendered":"About"},"content":{"rendered":"<section class=\"wpb-content-wrapper\"><p>[vc_row full_width=&#8220;stretch_row_content_no_spaces&#8220; equal_height=&#8220;yes&#8220; css=&#8220;.vc_custom_1494421324353{background-color: #1b1e27 !important;}&#8220;][vc_column css=&#8220;.vc_custom_1686502489177{padding-top: 0px !important;background-image: url(https:\/\/chillbarber.at\/wp-content\/uploads\/2023\/06\/about.jpg?id=5063) !important;background-position: center !important;background-repeat: no-repeat !important;background-size: cover !important;}&#8220; offset=&#8220;vc_col-lg-6&#8243;][\/vc_column][vc_column desctop_pt=&#8220;padd-md-t95&#8243; desctop_pb=&#8220;padd-md-b85&#8243; tablets_pt=&#8220;padd-sm-t60&#8243; tablets_pb=&#8220;padd-sm-b60&#8243; mobile_pt=&#8220;padd-xs-t50&#8243; mobile_pb=&#8220;padd-xs-b50&#8243; offset=&#8220;vc_col-lg-6&#8243; css=&#8220;.vc_custom_1686514013526{padding-right: 7% !important;padding-left: 7% !important;}&#8220;][barbershop_heading title=&#8220;\u00dcber uns&#8220; subtitle=&#8220;Herzlich willkommen im Chill Barber Haus!&#8220; width=&#8220;1\/8&#8243; style_title=&#8220;medium&#8220; divider_switcher=&#8220;show&#8220; lx_iconset_dividers=&#8220;icon-barber&#8220; duration_animation=&#8220;2000&#8243; left_space=&#8220;true&#8220; tag_title=&#8220;h4&#8243;]<\/p>\n<div class=\"ql-block\" data-block-id=\"block-c37341e2-346b-4a37-bb72-66e553b37217\">\n<p>Unser erfahrenes Team bietet eine Vielzahl von Dienstleistungen an, um sicherzustellen, dass du den perfekten Look erh\u00e4ltst. Egal ob du nach einem trendigen Haarschnitt, einer pr\u00e4zisen Bartpflege oder einer erfrischenden Gesichtsreinigung suchst &#8211; wir sind f\u00fcr dich da.<\/p>\n<p>Mit unserem Fachwissen und unserer Leidenschaft f\u00fcr das Handwerk sorgen wir daf\u00fcr, dass du dich bei uns wohl f\u00fchlst und mit einem selbstbewussten Auftreten nach Hause gehst. Wir legen gro\u00dfen Wert darauf, f\u00fcr jeden Kunden ausreichend Zeit zu nehmen und dich mit einem L\u00e4cheln auf dem Gesicht aus unserem Laden zu verabschieden.<\/p>\n<p>Wir freuen uns auf deine Buchung!<\/p>\n<p>Dein Chill Barber Team<\/p>\n<\/div>\n<p>[\/barbershop_heading][\/vc_column][\/vc_row]<\/p>\n<\/section>","protected":false},"excerpt":{"rendered":"<p>[vc_row full_width=&#8220;stretch_row_content_no_spaces&#8220; equal_height=&#8220;yes&#8220; css=&#8220;.vc_custom_1494421324353{background-color: #1b1e27 !important;}&#8220;][vc_column css=&#8220;.vc_custom_1686502489177{padding-top: 0px !important;background-image: url(https:\/\/chillbarber.at\/wp-content\/uploads\/2023\/06\/about.jpg?id=5063) !important;background-position: center !important;background-repeat: no-repeat !important;background-size: cover !important;}&#8220; offset=&#8220;vc_col-lg-6&#8243;][\/vc_column][vc_column desctop_pt=&#8220;padd-md-t95&#8243; desctop_pb=&#8220;padd-md-b85&#8243; tablets_pt=&#8220;padd-sm-t60&#8243; tablets_pb=&#8220;padd-sm-b60&#8243;&#8230;<\/p>\n","protected":false},"author":1,"featured_media":0,"parent":0,"menu_order":3,"comment_status":"closed","ping_status":"closed","template":"","meta":{"footnotes":""},"class_list":["post-4644","page","type-page","status-publish","hentry"],"_links":{"self":[{"href":"https:\/\/chillbarber.at\/index.php\/wp-json\/wp\/v2\/pages\/4644","targetHints":{"allow":["GET"]}}],"collection":[{"href":"https:\/\/chillbarber.at\/index.php\/wp-json\/wp\/v2\/pages"}],"about":[{"href":"https:\/\/chillbarber.at\/index.php\/wp-json\/wp\/v2\/types\/page"}],"author":[{"embeddable":true,"href":"https:\/\/chillbarber.at\/index.php\/wp-json\/wp\/v2\/users\/1"}],"replies":[{"embeddable":true,"href":"https:\/\/chillbarber.at\/index.php\/wp-json\/wp\/v2\/comments?post=4644"}],"version-history":[{"count":0,"href":"https:\/\/chillbarber.at\/index.php\/wp-json\/wp\/v2\/pages\/4644\/revisions"}],"wp:attachment":[{"href":"https:\/\/chillbarber.at\/index.php\/wp-json\/wp\/v2\/media?parent=4644"}],"curies":[{"name":"wp","href":"https:\/\/api.w.org\/{rel}","templated":true}]}}